4) to base 3
-2100
What is -3 (base 13) in base 11?
-3
Convert -3f (base 16) to base 8.
-77
-1a9 (base 11) to base 14
-132
Convert -61 (base 9) to base 7.
-106
-3 (base 15) to base 2
-11
65 (base 15) to base 5
340
Convert 111 (base 2) to base 10.
7
Convert -2 (base 6) to base 5.
-2
What is 6 (base 13) in base 16?
6
-20 (base 4) to base 14
-8
Convert 11 (base 3) to base 12.
4
What is -f (base 16) in base 8?
-17
23 (base 4) to base 2
1011
Convert 3 (base 10) to base 7.
3
What is 125 (base 8) in base 14?
61
Convert 2 (base 3) to base 14.
2
Convert 0 (base 3) to base 4.
0
What is 3 (base 16) in base 12?
3
-10 (base 16) to base 12
-14
-4 (base 15) to base 10
-4
-1 (base 5) to base 11
-1
What is 118 (base 9) in base 13?
77
What is -31 (base 10) in base 12?
-27
What is 0 (base 9) in base 8?
0
What is 58 (base 16) in base 13?
6a
What is 103 (base 4) in base 15?
14
Convert 7 (base 10) to base 15.
7
Convert -43 (base 9) to base 10.
-39
14 (base 16) to base 13
17
What is -2 (base 14) in base 5?
-2
What is 9c (base 13) in base 10?
129
Convert 10 (base 2) to base 16.
2
What is 2b (base 16) in base 3?
1121
What is 1 (base 5) in base 9?
1
Convert -e (base 16) to base 5.
-24
0 (base 15) to base 16
0
Convert 2211 (base 4) to base 5.
1130
Convert 111 (base 3) to base 14.
d
2 (base 3) to base 16
2
What is -1 (base 15) in base 5?
-1
-19a (base 12) to base 8
-406
-145 (base 6) to base 15
-45
Convert 86 (base 10) to base 15.
5b
What is 0 (base 7) in base 13?
0
7 (base 13) to base 4
13
1011 (base 3) to base 4
133
What is -7 (base 11) in base 13?
-7
What is 16 (base 9) in base 7?
21
What is -1a (base 13) in base 12?
-1b
Convert -18 (base 12) to base 10.
-20
Convert -2 (base 11) to base 14.
-2
What is -12 (base 3) in base 9?
-5
1c (base 16) to base 11
26
Convert 10b (base 12) to base 16.
9b
Convert 10 (base 6) to base 8.
6
11 (base 3) to base 2
100
Convert 41 (base 7) to base 4.
131
Convert 27 (base 11) to base 14.
21
Convert -5 (base 15) to base 11.
-5
Convert 12 (base 14) to base 2.
10000
5 (base 6) to base 7
5
What is 44 (base 8) in base 10?
36
Convert -552 (base 7) to base 15.
-13c
18 (base 16) to base 10
24
What is -41 (base 7) in base 11?
-27
Convert 17 (base 9) to base 14.
12
210 (base 6) to base 13
60
Convert -2 (base 16) to base 11.
-2
-22 (base 12) to base 7
-35
What is 10 (base 3) in base 4?
3
Convert -3 (base 7) to base 13.
-3
-1 (base 8) to base 9
-1
What is -a8 (base 14) in base 6?
-404
-21 (base 7) to base 4
-33
-5 (base 8) to base 2
-101
Convert -3 (base 11) to base 16.
-3
What is 12 (base 7) in base 8?
11
What is -2 (base 8) in base 14?
-2
What is -110 (base 3) in base 6?
-20
-44 (base 5) to base 13
-1b
Convert 0 (base 14) to base 6.
0
Convert 6 (base 12) to base 13.
6
Convert -1 (base 3) to base 8.
-1
-52 (base 11) to base 7
-111
What is -7 (base 14) in base 10?
-7
-b1 (base 14) to base 6
-415
What is 10 (base 2) in base 9?
2
Convert -320 (base 4) to base 16.
-38
9b (base 13) to base 9
152
Convert 301 (base 7) to base 13.
b5
What is 15 (base 12) in base 16?
11
What is 1020 (base 4) in base 5?
242
10 (base 8) to base 2
1000
What is 0 (base 15) in base 11?
0
What is 11 (base 7) in base 16?
8
9 (base 16) to base 7
12
What is -1111 (base 2) in base 8?
-17
Convert 0 (base 7) to base 2.
0
111001 (base 2) to base 4
321
What is -40 (base 5) in base 12?
-18
What is 0 (base 12) in base 10?
0
-4f (base 16) to base 13
-61
Convert 22 (base 10) to base 11.
20
Convert 0 (base 6) to base 15.
0
Convert -21 (base 3) to base 11.
-7
Convert 404 (base 5) to base 3.
10212
Convert -2 (base 10) to base 13.
-2
What is -f (base 16) in base 7?
-21
-31 (base 8) to base 4
-121
Convert -3 (base 14) to base 16.
-3
Convert 11000 (base 2) to base 14.
1a
Convert -13 (base 11) to base 13.
-11
Convert 100 (base 3) to base 5.
14
-102010 (base 3) to base 6
-1220
Convert 126 (base 9) to base 7.
210
What is -1 (base 11) in base 5?
-1
What is -116 (base 15) in base 6?
-1050
2011 (base 5) to base 7
514
Convert -100011 (base 2) to base 13.
-29
Convert -6 (base 13) to base 7.
-6
-a (base 15) to base 7
-13
What is a5 (base 15) in base 4?
2123
306 (base 7) to base 6
413
-100 (base 2) to base 12
-4
Convert b (base 14) to base 9.
12
Convert 235 (base 12) to base 9.
405
Convert -4 (base 14) to base 6.
-4
What is -21 (base 8) in base 12?
-15
-57 (base 9) to base 5
-202
What is -b9 (base 14) in base 13?
-c7
76 (base 11) to base 10
83
Convert 311 (base 4) to base 12.
45
What is -4 (base 14) in base 6?
-4
Convert -110 (base 10) to base 3.
-11002
What is 17 (base 12) in base 14?
15
101101 (base 2) to base 3
1200
4 (base 9) to base 7
4
-14 (base 8) to base 11
-11
What is 0 (base 2) in base 7?
0
2 (base 8) to base 14
2
48 (base 15) to base 6
152
What is -165 (base 8) in base 10?
-117
What is 11110 (base 3) in base 4?
1320
What is -2 (base 5) in base 6?
-2
What is -1 (base 2) in base 15?
-1
Convert -52 (base 13) to base 5.
-232
Convert -1 (base 3) to base 10.
-1
Convert 13 (base 5) to base 16.
8
-cd (base 14) to base 13
-10c
-12 (base 3) to base 13
-5
-6 (base 12) to base 3
-20
What is 46 (base 11) in base 7?
101
What is 2 (base 13) in base 6?
2
What is 1 (base 6) in base 10?
1
d (base 16) to base 12
11
102 (base 3) to base 11
10
-2 (base 6) to base 4
-2
-a (base 15) to base 7
-13
What is 2 (base 5) in base 12?
2
Convert -12 (base 7) to base 15.
-9
-2 (base 5) to base 13
-2
What is -1131 (base 4) in base 11?
-85
Convert 0 (base 8) to base 15.
0
What is 18 (base 11) in base 4?
103
-2 (base 11) to base 14
-2
What is 10000 (base 2) in base 12?
14
1 (base 8) to base 14
1
Convert -13 (base 7) to base 2.
-1010
What is 40 (base 9) in base 6?
100
What is 15 (base 6) in base 4?
23
Convert 13 (base 9) to base 4.
30
6 (base 14) to base 12
6
Convert -200 (base 3) to base 13.
-15
Convert 3 (base 13) to base 4.
3
-b (base 14) to base 9
-12
-100 (base 2) to base 4
-10
What is 39 (base 10) in base 2?
100111
Convert -6 (base 7) to base 2.
-110
-c (base 13) to base 10
-12
-26 (base 10) to base 8
-32
Convert -14a (base 14) to base 15.
-127
Convert 88 (base 12) to base 14.
76
-3 (base 8) to base 13
-3
What is -d4 (base 16) in base 5?
-1322
Convert 95 (base 12) to base 11.
a3
Convert 1 (base 15) to base 11.
1
What is -4 (base 11) in base 12?
-4
-18 (base 11) to base 5
-34
1 (base 9) to base 14
1
Convert -1a (base 12) to base 6.
-34
-1 (base 11) to base 12
-1
What is 111 (base 6) in base 8?
53
Convert -2 (base 15) to base 2.
-10
30 (base 10) to base 15
20
10223 (base 4) to base 5
2144
Convert 24 (base 7) to base 2.
10010
Convert -10 (base 14) to base 9.
-15
Convert -4 (base 7) to base 14.
-4
47 (base 10) to base 2
101111
-31 (base 4) to base 11
-12
-214 (base 5) to base 7
-113
What is -22 (base 4) in base 7?
-13
15 (base 10) to base 7
21
Convert -15 (base 12) to base 4.
-101
Convert 2 (base 4) to base 16.
2
Convert 2 (base 5) to base 8.
2
What is 1043 (base 5) in base 4?
2110
Convert -8 (base 11) to base 13.
-8
Convert -333 (base 7) to base 8.
-253
Convert 1 (base 13) to base 5.
1
What is -111 (base 2) in base 11?
-7
-336 (base 9) to base 15
-136
Convert -3 (base 11) to base 14.
-3
21 (base 4) to base 11
9
Convert 2 (base 15) to base 8.
2
What is -1000 (base 2) in base 11?
-8
Convert -44 (base 9) to base 14.
-2c
-10e (base 16) to base 10
-270
Convert -81 (base 14) to base 8.
-161
What is -1110 (base 2) in base 13?
-11
What is -3 (base 10) in base 3?
-10
15 (base 11) to base 4
100
Convert -a (base 12) to base 5.
-20
Convert -100 (base 3) to base 2.
-1001
Convert -33 (base 14) to base 8.
-55
What is -135 (base 6) in base 14?
-43
What is 20 (base 3) in base 14?
6
Convert -100101 (base 2) to base 5.
-122
Convert -c4 (base 15) to base 16.
-b8
Convert -1 (base 2) to base 16.
-1
1 (base 5) to base 9
1
What is -1b (base 13) in base 11?
-22
Convert 50 (base 11) to base 5.
210
What is 10 (base 3) in base 14?
3
What is -2 (base 6) in base 13?
-2
What is 13 (base 5) in base 12?
8
What is 3 (base 15) in base 9?
3
Convert 22 (base 13) to base 16.
1c
Convert 125 (base 12) to base 7.
335
1 (base 14) to base 9
1
-2 (base 11) to base 4
-2
Convert 1012 (base 4) to base 14.
50
Convert -27 (base 14) to base 16.
-23
What is -11201 (base 3) in base 10?
-127
-7a (base 14) to base 5
-413
-3 (base 9) to base 16
-3
What is -4 (base 11) in base 6?
-4